of p.
2, 3, 919
Let w(t) = -41*t**3 + 10*t**2 - 26*t - 230. List the prime factors of w(-6).
2, 7, 653
Let c be 138 - 3/((-15)/10). Suppose -4*w + 1100 = c. Suppose 0 = -2*f - 3*f + 5*t + w, 3*f - 151 = -4*t. What are the prime factors of f?
7
Suppose 4*q - 31 = -j, -5*q + 5*j - 11 = -56. Let p be q/(-9) + (-2)/18. Let w(d) = 24*d**2 + 2*d. List the prime factors of w(p).
2, 11
Let z = 1045 - 563. Suppose -z - 174 = -4*b. List the prime factors of b.
2, 41
Suppose -4*x + 60473 = 4*w - 7*x, 2*x - 30226 = -2*w. What are the prime factors of (-2)/(-10) - w/60*-3?
2, 3, 7
Let q(n) = -n**3 + 17*n**2 - 4*n + 607. What are the prime factors of q(16)?
17, 47
Suppose -61308 - 105784 = -18*h + 53876. List the prime factors of h.
2, 3, 11, 31
Suppose 2*k = 561 - 59. Suppose 27 - k = 2*l. Let q = 206 + l. List the prime factors of q.
2, 47
Let l(n) = n**2 - 4*n - 54. What are the prime factors of l(-33)?
3, 389
Suppose 2*m - b - 31 + 19 = 0, 3*m - 4*b = 8. What are the prime factors of (26/m - 3)*(84 + -8)?
19
List the prime factors of 100/(-280)*7*154344/(-10).
2, 3, 59, 109
Let k(a) = -481*a**3 + 10*a**2 + 13*a - 30. List the prime factors of k(-4).
2, 13, 1187
Let j be 7 + (-3 - 1)/(-12)*-3. List the prime factors of (-542)/(-4) - -1*3/j.
2, 17
Let y(z) = -4*z + 39. Let d be y(9). Suppose -2*p = 3*p + 2*i - 2015, p + d*i - 416 = 0. List the prime factors of p.
401
Suppose 0 = -13*m + 38*m. Let u(n) = -n**3 - 7*n + 1330. List the prime factors of u(m).
2, 5, 7, 19
Let x = 20991 - -8533. What are the prime factors of x?
2, 11, 61
Let d(n) = 6*n**3 + 137*n**2 - 68*n - 44. List the prime factors of d(-23).
991
Let g = -3196 + 1834. Let z = -472 - g. What are the prime factors of z?
2, 5, 89
Suppose -8*x + 5364 = x. Suppose m = -3*v + x, -7*v + 1228 = 2*m - 10*v. What are the prime factors of m?
2, 19
Let y(p) = 57*p**2 + 225*p - 2732. List the prime factors of y(12).
2, 7, 73
Suppose -4*q - 3*m = -23, m + 1 = 2*q + 2. Let n = 403 - 368. Suppose n = -q*z + 285. What are the prime factors of z?
5
Suppose 6*a = -44 + 104. Let j(i) = 22*i - 3. What are the prime factors of j(a)?
7, 31
Let z(v) = -6*v - 1. Let h be z(-7). Suppose -2*o - 99 - 83 = -5*y, 88 = -o + 4*y. Let t = h - o. What are the prime factors of t?
137
Let n = -904 - -1043. Let p be (-4)/(-14) - 3519/(-7). Suppose -6*i + p = -n. What are the prime factors of i?
107
Let w(m) = -306*m + 584. What are the prime factors of w(-50)?
2, 11, 19
Let g be (-32)/(-48) + (-147)/(-9). Let h(p) = 132*p**3 + p**2 + p - 1. Let u be h(1). Let j = u - g. What are the prime factors of j?
2, 29
Let m = 6 + -2. Suppose -1800 + 595 = -5*x - 5*l, 5*x - m*l = 1160. What are the prime factors of x?
2, 59
Suppose 0 = 3*j - r - 4967 - 17284, -j + 7433 = 5*r. List the prime factors of j.
2, 3709
Suppose g = 2, 0*p + 1 = p - 2*g. Suppose -2*k - k = a + 1, -5*k + 85 = -p*a. List the prime factors of (-1 + 2)/(a/(-2093)).
7, 23
Let k(h) = -12*h - 138. Let w be k(-12). What are the prime factors of (w - 84/15) + 11086/10?
1109
Let b(p) = -p**2 + 4*p - 7. Let t be b(7). Let s be (-77)/t*2 + 2/4. Suppose 9*u - 4*q = s*u + 389, -2*q + 133 = u. What are the prime factors of u?
131
What are the prime factors of 15/(60/(-32)) - 2291/(-1)?
3, 761
Suppose 0 = 2*s + 10, 3*k + 0*s + s + 2 = 0. Let d be 5 + (-2100)/(-7) - k*-1. Suppose -h + 611 = 5*y, -2*y - 3*h - 72 = -d. What are the prime factors of y?
3, 41
Suppose -5*m + 629 = -3*g + 32315, 7*g + 2*m - 74016 = 0. What are the prime factors of g?
2, 3, 881
Let d(b) = 5*b + 1180. Let y be d(0). Suppose -4*a = 0, 2*k = -2*k - 5*a + y. What are the prime factors of k?
5, 59
Let j = 317 + -313. Suppose 3*w + 9 = 6*w. Suppose -j*b + 5*i = -1013, w*i + 348 = b + 100. List the prime factors of b.
257
Let k(p) = 110*p - 256. List the prime factors of k(11).
2, 3, 53
Let z(i) = 2*i**3 - 15*i**2 + 17*i - 2. Let y be z(7). Suppose -4*w + 752 = -y. What are the prime factors of w?
5, 41
Let a(z) = 38*z**2 - 9*z - 3. Let m(u) = 78*u**2 - 19*u - 4. Let f(h) = 13*a(h) - 6*m(h). List the prime factors of f(7).
2, 619
Suppose z = -3*t + 6073, t + 2 = 3. List the prime factors of z.
2, 5, 607
Let b be -8*((-39)/6 - 3). Let j = b + -70. Let v = j - -75. List the prime factors of v.
3
Let n be 4 + 0/3 + 0. Suppose -2*u + 24 = n*u. Suppose -2*m = u*k - 378, 4*k - 4*m - 343 = m. What are the prime factors of k?
2, 23
Let f(r) = -r**3 + 15*r**2 - 10*r - 15. Let c be f(12). Let w = 87 - -87. Let n = c - w. List the prime factors of n.
3, 41
Suppose -3*w = 2*w + 30. Let i be (-3)/w*(-61 - 9). What are the prime factors of (-2 - (i + 2)) + -3?
2, 7
Let z = -41829 + 55184. List the prime factors of z.
5, 2671
Let s(c) = 44*c**2 - 94*c - 1961. What are the prime factors of s(-25)?
167
Let g(q) = -q**3 + 18*q**2 - 32*q + 26. Let w be (-7 + (-87)/(-6))/(2/4). List the prime factors of g(w).
13, 17
What are the prime factors of 4977/(-2)*(19 - 590/30)?
3, 7, 79
Let v be 10/((-8)/221 + 4/26). Let z = v + -83. Suppose -z*g - 700 = -16*g. List the prime factors of g.
2, 5
Let k be (5/(-2))/(35/(-59206)). Let l = -2795 + k. What are the prime factors of l?
2, 3, 239
Let g(h) = -h**2 - 17*h + 23. Let y be g(-18). Suppose -5*x = y*m - 1820, 5*x - 142 = -3*m + 948. List the prime factors of m.
5, 73
Let h = 31 + -26. Suppose -5*j - 4*a - 774 = 0, h*a - 336 = -4*j + 6*j. Let b = 246 + j. What are the prime factors of b?
2, 11
What are the prime factors of 2693 + 78/13*(3/2)/3?
2, 337
Let s = -1424 - -6214. What are the prime factors of s?
2, 5, 479
Suppose 178 + 3800 = 13*t. Suppose 4*y = 110 + t. What are the prime factors of y?
2, 13
Suppose -4*v - 6 = -1858. Let s = 791 - v. What are the prime factors of s?
2, 41
List the prime factors of 4/34 - (-5569290)/102.
54601
Let y(r) = -r**2 - 14*r + 2. Let c be y(-14). Let v be c + (-4)/1 - -12. Suppose v + 8 = 3*t. What are the prime factors of t?
2, 3
Let s = 1839 - 1050. Let i = -514 + s. Let o = i + -181. What are the prime factors of o?
2, 47
Let w = 83 - 185. Let j = w - -105. Let c(z) = 12*z**3 - 5*z**2 - z + 12. List the prime factors of c(j).
2, 3
Suppose -3*m = -2*z + 63805, 6*z - 65512 = -2*m + 125958. What are the prime factors of z?
2, 5, 3191
Let p = -164 - -167. Suppose -2*v = p*k - 546, -k + v = -138 - 44. What are the prime factors of k?
2, 7, 13
Suppose 5*d = -5, -5*u + 3*d = 73 + 74. List the prime factors of 56*3*5/u*-10.
2, 5, 7
Suppose 2*r + 0*l - 276 = 3*l, 4*l + 414 = 3*r. Suppose 5*z - r = 182. What are the prime factors of z?
2
Suppose 262 = -4*o + 2. Let x = 65 + o. Suppose 6*j + x*j - 258 = 0. What are the prime factors of j?
43
Suppose 4*c - 5*r - 65509 = 0, -16379 = -c + 5*r - 2*r. List the prime factors of c.
2, 23, 89
Let r(t) = 33*t - 6. Let j be 0/(-3) - (-1 + -4). Suppose -2*g + 3*g + 13 = 3*p, 4*p - j*g - 21 = 0. What are the prime factors of r(p)?
2, 3, 7
Let f(w) = -6*w**3 - 19*w**2 + 30*w + 73. List the prime factors of f(-9).
2, 1319
Suppose -3*n + 4*l = -23, -7 = n + 2*n + 2*l. What are the prime factors of (1 + n)*(7 - (-151 + 7))?
2, 151
Suppose 22*g - 101962 = 82816. Suppose 20*q - 4961 - g = 0. List the prime factors of q.
2, 167
Let g = 87 - 168. Let t = 156 + g. What are the prime factors of t?
3, 5
Let u(x) be the first derivative of 61*x**3/3 + x**2/2 + 2*x - 18. Let f be u(-1). Let s = f - -15. List the prime factors of s.
7, 11
Let k = 46917 + -24675. List the prime factors of k.
2, 3, 11, 337
Let l = 5266 + -2850. List the prime factors of l.
2, 151
Let o(i) be the second derivative of -23*i**3/6 - 17*i**2 + 35*i - 2. What are the prime factors of o(-11)?
3, 73
Let u(o) = 2*o**2 - 25*o - 32. Suppose 46*a - 49*a - 27 = 0. List the prime factors of u(a).
5, 71
Let b be (-168)/(-27) + (-2)/9. Let c(p) = -7*p**2 - p - 2. Let d(i) = -i**2 + 1. Let a(y) = -c(y) + 6*d(y). What are the prime factors of a(b)?
2, 5
Suppose i + 19*a - 17*a = 5006, -5*i + 5*a = -25135. List the prime factors of i.
2, 5, 251
Let a = 42 - 46. List the prime factors of (-1*a/6)/(2/1164).
2, 97
Let k be (75/18*-2)/((-2)/6). Suppose k*x = -3*x + 11032. List the prime factors of x.
2, 197
Let o be 252/108 + (-2)/6. Suppose -w = o*n - 2298, 15*n - 4*w + 1142 = 16*n. List the prime factors of n.
2, 5, 23
Let c(d) = 3*d**3 - 18*d**2 + d + 4. Let h be c(6). 